e 4*g + 3*i - 56160 = 0, 117*g - 120*g + 42121 = 2*i. What are the prime factors of g?
3, 31, 151
What are the prime factors of (7 + -11 - -13456) + 15?
3, 67
Let f be 15*(13/(-3) + 2). Let n = -29 - f. Let m(h) = 21*h - 16. What are the prime factors of m(n)?
2, 5, 11
Let p(n) = 40*n**3 - 4*n**2 - 129*n + 882. List the prime factors of p(7).
3, 7, 643
Suppose 2*i + 4*q - 7912 = 0, -2*q - 3595 = -2*i + 4305. List the prime factors of i.
2, 13, 19
Let j be -4 - -2 - (-36)/(-9). Let q be (43 - j) + 0 + 0. Suppose 5*o - q - 276 = 0. What are the prime factors of o?
5, 13
Let z(u) = u**3 + 2*u**2 - 8*u - 31. Let b = -197 + 206. What are the prime factors of z(b)?
2, 197
Let f(m) = -m**3 + 40*m**2 - 33*m + 134. List the prime factors of f(22).
2, 5, 7, 29
Suppose -7*m + 450 = 1437. Let p = 164 + m. Let z = 14 + p. What are the prime factors of z?
37
Let o(g) = 27*g - 870. What are the prime factors of o(89)?
3, 7, 73
Let b be ((-1)/2)/(2337/(-390) - -6). Let i = 230 - b. List the prime factors of i.
5, 59
Let w be 14 + (-3 - (4 - 7)). Let y(x) = -15*x**3 + 87 - x + w*x**3 + 0*x**2 - 2*x**2. List the prime factors of y(0).
3, 29
Suppose 5*u - 15 = 0, -3*u = 5*f - 2*f - 21. Suppose 5*g + 11 = -f. List the prime factors of -3 + 2 - (-24)/g*-10.
79
Let v(w) = -2*w - 61. Let m be v(-24). Let o be 7 + m - (-3 - 0). List the prime factors of (-3)/(0 - o)*(10 - 164).
2, 7, 11
Suppose -8 = 3*o - 2. List the prime factors of (o + 1)/((-2)/34).
17
Let s = -66 - -66. Suppose -r - 2*c + 6 = s, 0*r - 15 = 3*r - 5*c. Suppose -3*k + 274 + 89 = r. What are the prime factors of k?
11
Suppose -b = -2*w - 9536, -b - 5*w = -5132 - 4404. What are the prime factors of b?
2, 149
Suppose -129027 - 205305 = -18*z. List the prime factors of z.
2, 37, 251
Let j = 67410 - 36748. What are the prime factors of j?
2, 15331
Let x be 5 - 0*(-5)/25. Let u(d) = d**2 - 6*d - x + 21*d - 6*d. What are the prime factors of u(9)?
157
Suppose -3*v + 3*d - 7*d = -65, 3*v - d - 40 = 0. Suppose -z = 18*r - v*r - 188, 4*z + 4*r = 784. What are the prime factors of z?
2, 5
Let x be 9880/(-10) + (0 - 1). Let y = -637 - x. Suppose -3*c + y = c. What are the prime factors of c?
2, 11
Suppose 5*m + 5 = -5*g, -3*g - 4*m = -2*m. Suppose 3*c = g*r - 6*r + 202, c = -2*r + 70. List the prime factors of c.
2, 31
Let t = 10597 + -7292. What are the prime factors of t?
5, 661
Let i = 777 + -652. Suppose i = v - 1656. List the prime factors of v.
13, 137
Let j = 4941 + -2014. Suppose 894 = 3*u + 5*l - j, 5*u + 5*l = 6355. List the prime factors of u.
7, 181
Let d(i) = i**3 + 6*i**2 - 12*i. Let s = -6 + -19. Let t be (-10)/s + (-128)/20. List the prime factors of d(t).
2, 3
Let w = -294 + 270. Let i(s) = 10*s - 23*s**2 - 13 - 9*s - s**3 + 22*s. List the prime factors of i(w).
11
Suppose -4*h + 797 = 3*p - 626, -4 = -4*p. What are the prime factors of h?
5, 71
What are the prime factors of (9742/3 - -1)/((-290)/(-1044))?
2, 3, 1949
Suppose -44*q = -45*q + 2. List the prime factors of (q/6)/(((-64)/6408)/(-8)).
3, 89
Suppose 31*k + 4*i - 34029 = 26*k, -4*i - 20443 = -3*k. List the prime factors of k.
11, 619
Let s(p) = 2*p + 2 + 2*p + 5*p - 5*p + 6*p**2. Let t be s(-2). What are the prime factors of ((-88)/6)/((-6)/t)?
2, 11
Suppose 9*z + 81 = 117. Suppose 0 = 19*a - 20*a - z*f + 229, 4*a - f - 984 = 0. List the prime factors of a.
5, 7
Suppose -42*p + 32029 + 8501 = 0. List the prime factors of p.
5, 193
Let i(z) = 212*z - 36. Let d be i(6). Suppose -3*l - 3*l = -d. Let p = l + -146. List the prime factors of p.
2, 3, 5
What are the prime factors of (126/15)/(15/((-391125)/(-14)))?
3, 5, 7, 149
Let n be 3/(-6)*2 - 12. Let x(g) = 11 + 25 + 2 + 33 - 9*g - 28. List the prime factors of x(n).
2, 5
Let q(m) = 433*m - 5252. What are the prime factors of q(69)?
5, 197
Let x(c) = 3*c + 44. Let o be x(10). Let p = -67 + o. Suppose 0 = -3*t - 3*w + p*w + 152, -157 = -3*t - w. What are the prime factors of t?
2, 13
Let s = -11336 - -23572. List the prime factors of s.
2, 7, 19, 23
Suppose 0 = -g - 3, -5*g + 3*g = 5*s - 23434. Suppose -7*l + 2480 = -s. What are the prime factors of l?
2
Suppose 0 = b - 3*l, 0*b - 3*l = b - 24. Suppose 30*m + 25*m = 17985. Suppose -9*i - m = -b*i. List the prime factors of i.
109
Suppose -2*j + 19 = -3*h, -2*j = 12*h - 7*h + 5. Suppose j*d - 2*c - 1390 = 3*c, 3*d + 4*c - 848 = 0. List the prime factors of d.
2, 5, 7
Suppose 136*q - 133*q = 45. Suppose -5*n = -q*n + 150. What are the prime factors of n?
3, 5
Suppose 268*n + 758290 - 1851030 = 7653708. What are the prime factors of n?
2, 41, 199
Suppose 0 = -4*y - 4*f + 16, 8*y + 8 = 9*y + 3*f. Suppose -y*n - 2*k + 2098 = -1064, -1575 = -n + 5*k. What are the prime factors of n?
2, 5, 79
Let g(c) = 11*c + 1. Suppose 0 = -8*r + 30 + 10. Suppose 25 = r*y - 5. What are the prime factors of g(y)?
67
Let c(o) be the first derivative of -2*o**2 + 5/3*o**3 + 2*o + 9. List the prime factors of c(3).
5, 7
Let y = 8964 + -3801. List the prime factors of y.
3, 1721
Suppose 5*x = 20, -2*r + 18354 = 5*x - 34840. What are the prime factors of r?
11, 2417
List the prime factors of (7005 - -1)/(135/25 + -5).
5, 31, 113
Suppose 601*w = 615*w - 25200. What are the prime factors of w?
2, 3, 5
Suppose 101 = -14*o + 325. Let t(d) = d**3 - 3*d**2 - 3*d + 7. Let i be t(7). List the prime factors of i - o/14*(-28)/(-8).
2, 89
Let a be 57/1*(-5)/9*-12. List the prime factors of -2 + a - (-10 - -13).
3, 5
Let f(h) be the second derivative of -h**5/10 + h**3/3 - h**2 + 24*h. Let b be f(2). Let a = b - -78. List the prime factors of a.
2
Suppose 0 = 90*i + 7*i - 11*i - 2356744. What are the prime factors of i?
2, 13, 17, 31
Let s(y) = -43*y**3 - 2*y**2 - 2*y - 1. Let m = -117 + 118. Let f be -2*(13/52 + m/4). List the prime factors of s(f).
2, 3, 7
Let h(b) = -b**2 - 29*b + 38. Suppose -374 = 15*c + 46. List the prime factors of h(c).
2, 3, 11
Suppose -18 + 96 = 39*o. Suppose 0 = o*b + 8, -y - y + 606 = -2*b. What are the prime factors of y?
13, 23
Let h(n) = 282*n - 3640. List the prime factors of h(26).
2, 13, 71
Let h(b) = -2*b + 31. Let k be h(-3). Let z = 41 - k. Suppose -9*s + z*s - u + 1012 = 0, -3*s + 594 = 5*u. What are the prime factors of s?
7, 29
Suppose -4*f + 0*f = 1140. Let h = 382 + -584. Let a = h - f. List the prime factors of a.
83
Let k be (276/(-30))/(4/(-10)). Let z = k - -36. Let d = 44 + z. List the prime factors of d.
103
Let c(h) be the second derivative of h**6/720 + h**5/30 - 11*h**4/12 + 14*h. Let y(f) be the third derivative of c(f). List the prime factors of y(6).
2, 5
What are the prime factors of (-232)/(-24) - 11 - (2 + (-145490)/6)?
5, 13, 373
Suppose 3*q + 2 = b - 15, q = -5*b + 5. Let s be ((-2)/(-4) - b)*-2. Suppose -3*x - c = -240, -4*x + 3*x = -s*c - 80. What are the prime factors of x?
2, 5
Let c be -4 + 36510/12 - 2/4. List the prime factors of (44/7)/(28/c).
2, 11, 31
Let r = -138 + 140. Let z(a) = -18*a**2 + a - 4. Let f(w) = -20*w**2 + w - 5. Let q(n) = r*f(n) - 3*z(n). What are the prime factors of q(4)?
2, 3, 37
Suppose -4*t + 161 - 38 = 5*b, -2*b + 27 = t. Suppose -584 = -4*w - 192. Suppose -5*i + w = -t. List the prime factors of i.
3
Let p(v) = 3*v**3 - 13*v**2 - 8*v + 374. What are the prime factors of p(12)?
2, 5, 359
Suppose 5*i = 5*s - 40, 0 = s + 8*i - 4*i + 12. Suppose q - 16 + 81 = s*n, -3*q = 3*n - 60. What are the prime factors of n?
17
Suppose 48*h - 307969 = 629621 - 214326. What are the prime factors of h?
2, 3767
Let q be (-4 - (-336)/7) + 7 + -2. Let f = q + 174. What are the prime factors of f?
223
Suppose 21*q - 5 - 37 = 0. Suppose -3*s - f + 1434 = 0, -3*s - q*f + 1073 + 361 = 0. What are the prime factors of s?
2, 239
Suppose -3*v - 48 = -5*j, 2*j - 6 = -0*j. What are the prime factors of (v - -9) + 2703/3?
29, 31
Let b(v) be the second derivative of v**3/6 + v**2/2 + 36*v. Let q(s) = 75*s**2 + 7*s - 3. Let p(g) = -3*b(g) + q(g). List the prime factors of p(1).
73
Let h = 53 - 49. Suppose h*d + 4*d - 48 = 0. Suppose 2*s + 2*q = d*q + 48, -q = -2*s + 60. List the prime factors of s.
2
Suppose -5*o - 340*p + 345*p = -52285, -3*o + 31373 = -2*p. List the prime factors of o.
10459
Suppose -2652 = 8*c + 4*c. Let a = -9 - c. What are the prime factors of a?
2, 53
Let u be 18/4*20/15. Let y = u - 16. Le